21156 a multiple of 3?
False
Is 342192075 a multiple of 25?
True
Does 329 divide 15813385?
True
Is 301 a factor of 137412757?
False
Does 55 divide 31602562?
False
Is 2445 a factor of 75645855?
True
Is 2846860688 a multiple of 14?
True
Is 214044150 a multiple of 241?
True
Is 1308090271 a multiple of 502?
False
Does 8 divide 742467840?
True
Is 1988814 even?
True
Is 138 a factor of 172506992?
False
Is 888 a factor of 37789506?
False
Is 8088784 a multiple of 3364?
False
Does 537 divide 18995632?
False
Is 33 a factor of 158718780?
True
Is 1564888752 a multiple of 9?
True
Is 181536623 a multiple of 21?
False
Is 108 a factor of 115231780?
False
Is 287580789 a multiple of 47?
False
Is 967569552 a multiple of 3026?
True
Does 16 divide 258430891?
False
Does 56 divide 17447472?
True
Is 1133149567 a multiple of 319?
True
Does 1003 divide 548955488?
False
Is 60 a factor of 716905400?
False
Is 7 a factor of 16750986?
True
Is 7 a factor of 4960045?
False
Is 74 a factor of 226630106?
True
Is 5 a factor of 20645184?
False
Is 6661725 a multiple of 35?
True
Is 2027 a factor of 109443811?
True
Does 1117 divide 590385967?
False
Does 48 divide 14600558?
False
Is 519011674 a multiple of 4617?
False
Is 227 a factor of 29971438?
False
Is 31129103 a multiple of 9?
False
Is 7 a factor of 65172495?
False
Does 2 divide 169990798?
True
Is 29 a factor of 160600125?
False
Is 209050726 a multiple of 359?
True
Is 378724463 a multiple of 186?
False
Does 877 divide 354635369?
False
Is 7201 a factor of 584144253?
False
Is 1082 a factor of 52228914?
False
Does 10 divide 336376102?
False
Does 15 divide 431201891?
False
Does 730 divide 61386430?
True
Does 78 divide 631644390?
True
Does 6388 divide 732939956?
True
Is 40028825 a multiple of 415?
True
Does 6 divide 3471098109?
False
Does 45 divide 1024218450?
True
Is 121 a factor of 12186985?
False
Is 1453 a factor of 296037126?
True
Is 65 a factor of 32963739?
False
Does 14 divide 742544264?
True
Is 190389174 a multiple of 183?
True
Is 6346 a factor of 3160530110?
True
Is 3 a factor of 368735202?
True
Is 2486 a factor of 876244464?
False
Is 54 a factor of 3161513?
False
Is 1211 a factor of 30555714?
False
Is 272 a factor of 354880677?
False
Is 8 a factor of 1520747424?
True
Does 393 divide 553572726?
True
Does 300 divide 934354500?
True
Is 93 a factor of 304841582?
False
Is 112164097 a multiple of 114?
False
Does 13 divide 71927529?
False
Is 25457804 a multiple of 71?
False
Does 1468 divide 265324545?
False
Is 46725700 a multiple of 5?
True
Is 2569 a factor of 44618392?
True
Is 1605953666 a multiple of 13?
False
Does 1440 divide 53192160?
True
Is 72 a factor of 43051660?
False
Does 3 divide 53399185?
False
Is 65126408 a multiple of 31?
False
Does 126 divide 520047738?
True
Is 198 a factor of 128629164?
False
Is 67527516 a multiple of 111?
True
Is 914 a factor of 867790902?
True
Does 58 divide 7784425?
False
Does 319 divide 278126004?
False
Does 9 divide 1207005?
False
Is 155505480 a multiple of 2158?
True
Does 410 divide 475712024?
False
Is 2694 a factor of 34356582?
True
Is 143565240 a multiple of 10?
True
Is 30734703 even?
False
Is 28013812 a multiple of 50?
False
Is 669803306 a multiple of 3766?
False
Is 18545817 a multiple of 6860?
False
Is 2625649652 a multiple of 49?
False
Is 156902525 a multiple of 3445?
True
Is 243 a factor of 14059494?
True
Is 1377 a factor of 2390269581?
True
Is 241 a factor of 18915126?
True
Is 192391200 a multiple of 480?
True
Is 63 a factor of 545113536?
False
Is 13171 a factor of 2718222813?
False
Is 41 a factor of 57408328?
False
Is 7714348 a multiple of 124?
False
Does 19 divide 518491267?
False
Is 104 a factor of 21130616?
True
Is 15436755 a multiple of 747?
True
Is 2645 a factor of 6829390?
True
Does 1213 divide 333973978?
False
Is 67142237 a multiple of 401?
True
Is 2014 a factor of 47071208?
True
Does 2029 divide 4683369?
False
Is 30 a factor of 206196570?
True
Does 17 divide 96881188?
False
Does 639 divide 106174962?
True
Does 2101 divide 6484453407?
False
Is 7 a factor of 15323737?
False
Does 433 divide 45064908?
True
Is 613656320 a multiple of 32?
True
Is 135078486 a multiple of 177?
False
Does 796 divide 458100388?
True
Is 28082037 a multiple of 2?
False
Does 1030 divide 224456570?
True
Is 42784443 a multiple of 81?
True
Is 920468634 even?
True
Is 129167138 a multiple of 41?
True
Is 926284019 a multiple of 75?
False
Does 170 divide 37359535?
False
Is 306979864 a multiple of 20?
False
Is 47816417 a multiple of 17?
False
Is 3402 a factor of 352585252?
False
Is 6053601 a multiple of 537?
True
Is 5784266 a multiple of 102?
False
Is 53829895 a multiple of 56?
False
Does 1129 divide 245411909?
False
Is 161411835 a multiple of 1055?
True
Is 673 a factor of 37206132?
True
Is 17 a factor of 811360031?
False
Does 2998 divide 4910786958?
True
Is 74964528 a multiple of 16?
True
Does 29 divide 33391015?
False
Does 16 divide 189870072?
False
Is 817503 a multiple of 3?
True
Does 35 divide 91078430?
False
Does 143 divide 70628272?
True
Does 5 divide 668982700?
True
Is 31 a factor of 826437666?
False
Is 30 a factor of 21019860?
True
Does 817 divide 175205775?
False
Is 26 a factor of 129620296?
True
Is 159609420 a multiple of 2070?
True
Is 346308543 a multiple of 63?
True
Does 23 divide 402318967?
True
Does 3867 divide 141292126?
False
Does 6 divide 10521186?
True
Does 9 divide 4375314?
True
Is 543 a factor of 553631380?
False
Is 18 a factor of 21831728?
False
Does 734 divide 2541453714?
True
Does 43 divide 121459840?
False
Is 9 a factor of 166737933?
True
Does 38 divide 309002849?
False
Is 42774126 a multiple of 2946?
False
Does 9 divide 1110752894?
False
Is 100 a factor of 9961600?
True
Does 3248 divide 10714865?
False
Does 861 divide 81614?
False
Is 293 a factor of 32061146?
False
Is 4501227665 a multiple of 9440?
False
Is 91 a factor of 39700115?
True
Is 31 a factor of 304902071?
False
Does 893 divide 13094952?
True
Does 35 divide 8324470?
True
Is 702549472 a multiple of 608?
True
Does 162 divide 64008256?
False
Does 12 divide 104308668?
True
Is 21 a factor of 2615801433?
True
Is 151317450 a multiple of 119?
False
Is 504229934 a multiple of 485?
False
Is 914923314 a multiple of 18?
True
Is 1680607466 a multiple of 4963?
False
Is 230994500 a multiple of 119?
False
Does 113 divide 12462981?
False
Is 181441825 a multiple of 23?
True
Does 6 divide 31047016?
False
Is 846 a factor of 2271433014?
True
Does 10 divide 20716844?
False
Does 301 divide 56030228?
False
Is 1010057561 a multiple of 389?
True
Is 2192440261 a multiple of 22?
False
Is 836527606 a multiple of 2465?
False
Is 5939 a factor of 787398462?
False
Does 8 divide 244353512?
True
Is 1068 a factor of 39904752?
True
Is 87 a factor of 77327367?
False
Does 36 divide 285716088?
True
Is 4834880 a multiple of 1160?
True
Is 2037 a factor of 18760770?
True
Is 293 a factor of 201858541?
True
Does 19 divide 7363436?
False
Is 16652413 a multiple of 1295?
False
Does 148 divide 140112427?
False
Is 1365167293 a multiple of 151?
True
Is 92060529 a multiple of 61?
True
Is 6 a factor of 41098326?
True
Is 1316204428 a multiple of 44?
True
Does 661 divide 239730915?
False
Does 14 divide 36754070?
False
Is 25 a factor of 67693525?
True
Is 31 a factor of 72021222?
False
Does 26 divide 15007450?
False
Does 4104 divide 680623776?
True
Does 4 divide 1250377511?
False
Is 52315260 a multiple of 60?
True
Is 556 a factor of 382179944?
True
Is 242870147 a multiple of 13?
True
Does 13 divide 24113310?
True
Is 682 a factor of 7659881?
False
Is 6301 a factor of 3182061709?
True
Does 2073 divide 45777661?
False
Does 1872 divide 204306636?
False
Is 2264977676 a multiple of 35?
False
Is 5531120 a multiple of 272?
True
Does 12 divide 74938595?
False
Does 145 divide 196138310?
True
Does 634 divide 83078092?
True
Is 26 a factor of 2811750?
False
Is 47126967 a multiple of 5?
False
Does 15 divide 43968343?
False
Is 9 a factor of 55143378?
True
Does 222 divide 106675884?
True
Is 65248750 a multiple of 10?
True
Is 62399610 a multiple of 182?
True
Is 707253638 a multiple of 22?
False
Is 9 a factor of 557134479?
True
Is 295 a factor of 12428055?
True
Is 26 a factor of 42295408?
False
Is 4801241 a multiple of 9?
False
Does 167 divide 28855930?
True
Is 34928331 a multiple of 233?
True
Is 70 a f